 w = -37 + 40. Suppose -4*j - 161 = -d + 244, 1145 = w*d + 2*j. List the prime factors of d.
5, 7, 11
Let i be (0 + -6)*4/8*6. Let x be (-3)/12 - i/8. List the prime factors of (16/4 + 501)*x/5.
2, 101
Let k be -5 + (-58)/(-6) + (-2)/(-6). Suppose k*m + 20 = 0, 5*z = -4*m + 2181 + 773. What are the prime factors of z?
2, 3, 11
Let n(m) = 1984*m**3 + m**2 + m - 5. List the prime factors of n(2).
3, 11, 13, 37
Suppose -4*d = -9*d + 505. Suppose -m - 3*t + 37 = 0, 5*t + 48 + 37 = 5*m. Let x = d + m. List the prime factors of x.
3, 41
List the prime factors of 57154 - (3 - 1 - ((-72)/(-4) - 20)).
2, 3, 5, 127
Suppose t = -m + 6790, -51*m - 6799 = -t - 49*m. List the prime factors of t.
6793
Suppose -r - 3*r + 3*b + 9871 = 0, 0 = -4*r - 6*b + 9826. What are the prime factors of r?
2, 7, 11
Suppose 131*i - 1143065 - 2084775 = 0. What are the prime factors of i?
2, 5, 7, 11
Let v = -58789 - -104626. List the prime factors of v.
3, 11, 463
Let q(b) = -3*b**3 - 5*b**2 + 3*b. Let h be q(3). Let k = h + 121. List the prime factors of k + (-6858)/(-45) + 3/5.
157
List the prime factors of (-30252)/(-4) + -2 - -2.
3, 2521
Let g be 0/(-21) + -2*89. Let w = 15 - 316. Let a = g - w. List the prime factors of a.
3, 41
Suppose 13*o = 13*o + 20*o - 658480. What are the prime factors of o?
2, 8231
Suppose 2*c + 4*w = 354, 5*c - 521 = 2*c + 4*w. Let o = c + 450. List the prime factors of o.
5
Suppose 16*n - 350 = -110. Suppose -5*z - 5*q = -9875, 2*z + 18*q - n*q = 3947. List the prime factors of z.
2, 23, 43
Suppose 82*m - 120*m + 60*m = 327426. List the prime factors of m.
3, 11, 41
Let l = 6142 + -484. List the prime factors of l.
2, 3, 23, 41
Suppose 0 = 30*j - 92 + 542. Let c(m) = -2*m**2 - 36*m - 27. List the prime factors of c(j).
3, 7
Let x(t) = -t**3 + 26*t**2 + 56*t + 2. Let z be x(28). Suppose -2*h = -s - 726, 4*h - 940 = -z*s - 2392. Let f = -455 - s. List the prime factors of f.
271
Suppose 0 = -10*n + 142 + 98. Suppose 86*j = 82*j + n. List the prime factors of ((-51)/(-5))/(j/30).
3, 17
List the prime factors of -149 + 17133 - (-10)/(-2).
16979
Suppose -5*g = -135 + 120. Suppose 2*k - 4*k = g*t - 2337, -5*t - 2*k = -3891. List the prime factors of t.
3, 7, 37
Let q(w) = -189*w - 35. Let v(r) = r**3 - 14*r**2 - 13*r - 34. Let m be v(15). List the prime factors of q(m).
7, 103
Let v(o) = o**2 - 7*o + 15. Let t be v(4). Let h(i) = 14*i**2 + 7*i + 10. List the prime factors of h(t).
157
Suppose 43*u = 32651 + 36493. What are the prime factors of u?
2, 3, 67
Suppose 0 = -6*g + 11*g - 20, -5*u + 5*g + 58560 = 0. Suppose -47*c + u = -12630. List the prime factors of c.
2, 7, 37
Let o(l) = -3*l**2 + 48*l + 29. What are the prime factors of o(14)?
113
Let b = -726 - -730. Suppose 2147 = b*m - 3893. What are the prime factors of m?
2, 5, 151
Let g(x) = x**2 + 6*x - 2. Let n be g(-6). Let i(q) be the first derivative of -3*q**4 + 3*q**2 - 153. List the prime factors of i(n).
2, 3, 7
Suppose 453*r - 6948547 + 7771715 = 17686546. What are the prime factors of r?
2, 7, 2659
Let t = -14970 + 27806. List the prime factors of t.
2, 3209
Suppose -87*p - 15780 = -97*p. Suppose 2*u + p = 4*x, 5*u + 701 + 92 = 2*x. List the prime factors of x.
2, 197
Let r(h) = -27*h + 141. Let k be r(5). What are the prime factors of 0 + 26 + (k - 1)?
31
Suppose -2198*q - 2203*q + 4406*q - 221680 = 0. List the prime factors of q.
2, 17, 163
Let n = 477 + -475. Suppose j + 2*g - 1202 = 0, 0 = -9*j + 8*j + n*g + 1182. What are the prime factors of j?
2, 149
Let k(m) = 737*m - 654. What are the prime factors of k(13)?
79, 113
Let f be 9*1 + (83 - 55). Suppose -342 = -u - f*u. What are the prime factors of u?
3
Suppose 20470 = -19*d + 52675 + 55423. What are the prime factors of d?
2, 1153
Let q be (6/(-4) + 2)*10. Let r = q + -5. Suppose r = m + 2*t - 51, 0*m - 3*t + 179 = 4*m. List the prime factors of m.
41
Let k(s) = 3*s**3 - 2*s + 1. Let g be ((-1)/(-1) - 0) + (-5 - -6). Let i be k(g). Suppose -16*w + i*w = 295. List the prime factors of w.
59
Let s(b) = -3*b - 9. Let h = -81 + 78. Let f be s(h). Suppose 10*l - l - 2718 = f. What are the prime factors of l?
2, 151
Suppose -j + 0*j = -26175 - 29568. What are the prime factors of j?
3, 17, 1093
Suppose 35541 = -30*g + 437991. What are the prime factors of g?
5, 2683
Let z(g) = 7*g**2 + 33*g - 6. Let o be z(-10). Suppose -3*l + o = 2*v - 145, 0 = 5*l + 15. What are the prime factors of v?
7, 37
Let d = -10067 + 11089. What are the prime factors of d?
2, 7, 73
Suppose 0 = 2*j - 4*s - 103312, 2*s + 52403 = 2*j - 50895. What are the prime factors of j?
2, 3, 19, 151
What are the prime factors of (-10 + 13)*4 - -201?
3, 71
Suppose -29 = z - 127. Let a be 4/14 + 6636/z. Suppose -3*b = 15, -3*d = 4*b - a - 125. List the prime factors of d.
71
Suppose 12*q = 28054 + 38378. What are the prime factors of q?
2, 173
Suppose -106 = -2*z + 54. Let y = 178 - z. Suppose -186 - y = -4*w. List the prime factors of w.
71
Let h(v) = -17*v - 246. Let x be h(-30). Suppose j - 2*d - 395 = x, -3*d = -j + 659. What are the prime factors of j?
659
Suppose -233 = -2*h - 197. Let l(t) = 441*t**3 - 2*t**2 - t + 1. Let a be l(2). What are the prime factors of a/h + (-1)/(-2)?
2, 7
Suppose 5*s + 61 = -i, -2*i = -5*i + 12. Let d be (-1 - -3)*(s - -16). Suppose -d*m + 1099 = 379. What are the prime factors of m?
2, 3, 5
Let o = 6834 + 3337. List the prime factors of o.
7, 1453
Suppose 0 = -3*y - 3*f + 33 + 18, -16 = 4*f. Let b = y - 13. List the prime factors of 88 - 5/10*b.
2, 3, 7
Let c be (-1 + -1865)/(-13 + (-979)/(-77)). Suppose 0 = -22*y + 14611 + c. What are the prime factors of y?
31
Let p(w) = w**3 + 21*w**2 - 53*w + 5. Let y be p(-22). Suppose 0 = x + 3*h - y, -5*h + 6*h - 2053 = -3*x. What are the prime factors of x?
2, 3, 19
Suppose -5 = -v - 0. Suppose 1281 + 579 = v*f. Suppose -u + f = 4*o, 2*o - 283 = 2*u - 97. What are the prime factors of o?
3, 31
Suppose -3*y = -31 + 19. Suppose 2*d - 5*p - 522 = 0, -802 = d - y*d - 2*p. What are the prime factors of d?
2, 7, 19
Suppose -8436 = -7*i + 3*i - 4*z, -3*i - 5*z + 6335 = 0. List the prime factors of i.
5, 421
Suppose 0*m + 225113 = 68*m - 961147. What are the prime factors of m?
3, 5, 1163
Suppose 3*f = s + 923, -5*f - 2*s + 163 + 1357 = 0. Suppose 3*t = 2*p - 610, p + 3*t - 4*t - f = 0. What are the prime factors of p?
2, 7, 11
Let v = -5122 - -11093. What are the prime factors of v?
7, 853
Suppose -10*c + 18723 + 31926 = -33771. What are the prime factors of c?
2, 3, 7, 67
Let a be (-4 + (-120)/(-9))*12. Let p = 319 - a. What are the prime factors of p?
3, 23
Suppose 1695*t + 114480 = 1713*t. What are the prime factors of t?
2, 3, 5, 53
Suppose -x = -4*d + 41 - 21, 0 = -2*d + 4. Let t(v) = 9*v**2 - 12*v - 76. What are the prime factors of t(x)?
2, 11, 31
List the prime factors of 52387*(1 - 0/(-9)).
52387
Suppose 52 - 28 = 4*s. Suppose -4*t + s*t - 6 = 0. Suppose -4*c = -o + 134, -8*c = 3*o - t*c - 436. List the prime factors of o.
2, 71
Let s(z) = -z + 14. Let a be s(-11). Suppose -26*g = -31*g + a. What are the prime factors of (2*53)/((-6)/(-15)*g)?
53
Suppose 2*y = -g + 16020, -4*g + 7055 + 16985 = 3*y. What are the prime factors of y?
2, 7, 11, 13
Suppose 323*t + 831200 = 373*t. What are the prime factors of t?
2, 1039
Let s(b) = -2*b - 11. Let w be s(-12). Let p = w + -50. Let x = p - -74. What are the prime factors of x?
37
Let q(l) = -l**3 - 17*l**2 - 14*l + 32. Let g be q(-16). Let y be 7 - (-10)/(-2) - g/(-2). What are the prime factors of 44 + (-9)/(-12)*(-8)/y?
41
Let m(v) = -v**2 - 11*v - 30. Let z be m(-5). Suppose -2*u = 4*q - 3574, 4*q + 6*u - 2*u - 3568 = z. What are the prime factors of q?
5, 179
Suppose 109*i + 36368 = 132*i - 46685. What are the prime factors of i?
23, 157
Suppose -147*q = -j - 143*q + 70337, 140778 = 2*j + 5*q. List the prime factors of j.
13, 5413
Suppose -10817 - 49119 = -91*x - 16438. What are the prime factors of x?
2, 239
Suppose 3*t + 78 = g + 493, 6 = 3*t. Let b = 915 + g. List the prime factors of b.
2, 11, 23
Let y be 14/((-154)/(-33)) - (-1 + 8). List the prime factors of y/(48/(-3075)) + (-6)/(-8).
257
Let u = 384 + -1518. Let y = u - -2637. List the prime factors of y.
3, 167
Let c be -4 + 10 + (-4576)/(-2). Suppose 9*g - 7*g - c = 0. What are the pri